of v(18)?
6
Let s = 35 + -70. Let x = s - -43. Suppose 5*z + 0*v - 1046 = 2*v, 4*v = x. What is the units digit of z?
0
Suppose -3*i + 4 = h, -2*h = -3*h + 4. Suppose i = -4*x + m + m + 86, -x + 4 = -4*m. What is the units digit of x?
4
Suppose -89*g + 252 = -91*g. Let w be (g + -3)*(-6)/2 + 3. Suppose 3*c = 8*c - w. What is the tens digit of c?
7
Suppose -6*p = 3*p - 36. Suppose 73 = p*v - 2*o - 415, 0 = 3*v + 3*o - 348. What is the hundreds digit of v?
1
Let f(o) = -205*o - 1238. What is the thousands digit of f(-70)?
3
Let t = 102 + -31. Suppose 2*m = 3*s + 36, -4*s + t = 3*m - 0*s. What is the units digit of m?
1
Let w(u) = 227*u - 221*u + 135*u**2 + 2 + 1 + 1 - 2. What is the hundreds digit of w(-3)?
1
What is the ten thousands digit of (27 - 6) + 20071 + 4?
2
Let x = -510 - -895. Suppose 2*c + x = h + 5*c, -2*h + c + 742 = 0. What is the units digit of h?
3
Let r = -67743 + 120563. What is the units digit of r?
0
Suppose 0 = -3*s + 5*g + 19, -s + 17*g + 13 = 12*g. Suppose 2*j - 436 = 4*a, s*j - 22*a - 644 = -18*a. What is the hundreds digit of j?
2
Suppose 18*c - 200762 = 15*c - 1685. What is the ten thousands digit of c?
6
Let g(z) = z**3 - 5*z**2 - 1. Let h = 43 - 38. Let l be g(h). What is the tens digit of ((-54)/(-10))/(l/(-15))?
8
Let u be (2025/2 - 4)/((-3)/(-6)). What is the tens digit of u/5 + (-15)/(-25)?
0
Let d(r) = 6*r**3 - 2*r**2 - 5*r + 9. Let q(v) = 5*v**3 - 3*v**2 - 5*v + 9. Let i(w) = -4*d(w) + 5*q(w). What is the units digit of i(8)?
3
Let h = 18 - 45. Let s be 8245/45 + 6/h. Suppose -s = -10*o - 13. What is the units digit of o?
7
Suppose -117*z = -115*z - 12. Suppose 51 = 4*p - h, 3*p - 24 = 3*h + 12. Suppose p*m - 15*m + z = 0. What is the units digit of m?
3
Let i = 1608 + -1017. Let o = 375 - i. Let v = -109 - o. What is the hundreds digit of v?
1
Let k = -702 - -37345. What is the hundreds digit of k?
6
Suppose 14*x = 7*x + 4025. Let m = x + 433. Suppose n - 9*n = -m. What is the units digit of n?
6
Let n(z) = -2*z**2 - 51*z - 106. Let y be n(-23). Let j(p) = -p**3 + 8*p**2 + 18*p + 31. What is the hundreds digit of j(y)?
1
Let d be (3/9)/(1/(-6)). Let a be d/4 - (-21)/6. What is the units digit of 1*a - 3/(21/(-217))?
4
Let m = 30 + 58. Let c = m - 85. Suppose 4*z - c*z = -5*a + 244, -a + 44 = 5*z. What is the units digit of a?
9
Let w(r) be the third derivative of r**6/60 + 2*r**5/3 + 23*r**4/8 + r**3 - 8*r**2 - 6*r. What is the tens digit of w(-18)?
6
Let l be (1 - -6)*(-66)/(-77). Suppose -74 = 3*j - 5*v, 2 = -l*j + 7*j + 5*v. Let x = 83 - j. What is the tens digit of x?
0
What is the hundreds digit of (933/2 + 18/18)*(-484)/(-55)?
1
Suppose -5*x + h = -98389, 3*x + 4*h - 63367 = -4329. What is the thousands digit of x?
9
Let t(c) = c**3 - 33*c**2 + 29*c + 7. What is the units digit of t(37)?
6
Let b(s) be the second derivative of -s**5/20 + 5*s**4/6 - s**3/6 + s**2/2 - 10*s. Let u be b(5). Suppose -u = -x - 10*x. What is the units digit of x?
1
Suppose 4*k - 13872 = -5*v, -354*v + 5556 = -352*v + 4*k. What is the hundreds digit of v?
7
Suppose 0 = -j - 3*g + 20, -5*g - 88 = 5*j - 8*j. Let k be (-1 - 77)*18/(-27). Let u = k - j. What is the units digit of u?
6
Let f(v) be the second derivative of v**5/20 + v**4/12 - v**3/6 + v**2/2 + 6*v. Let u be f(3). What is the tens digit of u/3*(-3)/(-2)?
1
Suppose -2*t + 3*s = 17 - 8, -2*s + 7 = -t. Suppose -2*v - 17*n = -12*n - 2663, 4*v + t*n = 5333. What is the thousands digit of v?
1
Suppose -255857 - 346225 = -18*s. What is the units digit of s?
9
Let r(n) = 368*n + 893. What is the units digit of r(8)?
7
Let g = 34 + -34. Suppose 0 = -4*n + 4*b + 452, 5*n + 3*b - 381 - 168 = g. What is the hundreds digit of n?
1
Let z = -32698 + 73972. What is the units digit of z?
4
Suppose 827424 = 101*x + 3*x. What is the tens digit of x?
5
Suppose -3*a - 6162 = -m + 16112, 4*m = -3*a + 89066. What is the units digit of m?
8
Let k(g) = 37*g**3 - 25*g**2 + 22*g + 2. What is the tens digit of k(3)?
4
Suppose 45289 + 62021 = 7*f. What is the ten thousands digit of f?
1
Let w(v) = -2*v**3 - 2*v**2 + v - 2. Let u be w(-3). Let m = 58 - u. What is the tens digit of 693/m - 2/3?
2
Let s = 560 - 914. What is the units digit of (0 + ((-65)/15 - -4))*s?
8
Suppose 5*f = -4*g + 11701, 28*f - 27*f - 8784 = -3*g. What is the tens digit of g?
2
Suppose 0 = 10*r - 12*r - 3*p + 1461, -2193 = -3*r - 5*p. Let b = r - -288. What is the hundreds digit of b?
0
Let o = -4847 + 7376. What is the thousands digit of o?
2
Let k(f) = 16*f - 22. Let u be k(10). Let w be 3/(6/8) + u. Let h = 248 - w. What is the tens digit of h?
0
Let m be (-3382)/(-6) - 4/(-12). Let q = 52 + m. Suppose -4*a + 4*i = -q, 0*a - 4*a + 5*i = -621. What is the hundreds digit of a?
1
Let u = 3670 + 2978. What is the units digit of u?
8
Let s = -84 + 88. Suppose 20 = s*i, 34 = -4*q + 4*i + 6. Let o(l) = -25*l**3 - l**2 + 3*l + 2. What is the tens digit of o(q)?
9
Suppose -964516 = -37*f - 48285. What is the ten thousands digit of f?
2
Let g(s) be the first derivative of -1/3*s**3 + 0*s**2 + 24 + 17*s. What is the units digit of g(4)?
1
Let i = 11 + -57. Let x = i + 46. What is the tens digit of -3 + x + (-154)/(-2)?
7
Let b be (4 + -7 - -2)*8. What is the thousands digit of 4/b + (-2345)/(-2)?
1
Let w(k) = -k**2 - 5*k - 1. Let o be w(-4). Suppose -p = -l - 7, -4*p - o*l + 0*l + 7 = 0. Suppose p*x = x + 480. What is the tens digit of x?
6
Let j = -2305 - -2790. What is the units digit of j?
5
Let v(h) = -h**2 + 4*h + 64. Let u be v(0). Let g = 66 - u. What is the units digit of (-288)/(-1) + (0 - g)?
6
Let j = -64 + 70. Suppose j*u + 10 = 11*u. Suppose -5*t + 387 = 5*y - t, y - 81 = -u*t. What is the units digit of y?
5
Suppose -115641 = 15*k - 338631. What is the hundreds digit of k?
8
Suppose 13*y + 41824 = 4*j + 9*y, -5*y = j - 10432. What is the thousands digit of j?
0
Let p be (422/(-8))/((-197)/788). Suppose -j - 5*h + 24 = 0, -5*j - 3*h = -4*j - 32. Let g = j + p. What is the hundreds digit of g?
2
What is the units digit of (63/(-42))/(3*(-3)/17172)?
2
Let m(q) = 229*q**2 + 14*q + 3. What is the ten thousands digit of m(7)?
1
Suppose -2908 = 4*h - 4*m, 6*h + m + 2197 = 3*h. Let f = h + 1144. What is the units digit of f?
3
Let g be 3 - 1 - 13*-26. Suppose -24*x - 106 = -202. Suppose -x*q = -4*z - g, -q + 0*q = z - 95. What is the units digit of q?
0
Let g be ((-1317)/(-9))/((-2)/(-18)). Suppose 49*y - g = 46*y. What is the hundreds digit of y?
4
Let l be 34*((-1)/6)/(6/(-18)). Suppose -15*o + l*o - 166 = 0. Let k = o - 65. What is the tens digit of k?
1
Let o(c) be the second derivative of -23*c**3/6 + 52*c**2 - 43*c. What is the units digit of o(-13)?
3
Suppose 4*c - s - 10344 = 5672, 16016 = 4*c + 5*s. What is the thousands digit of c?
4
Let j = -448 + 448. Suppose -4*n - 3*s + 2524 = 0, j = 42*s - 37*s. What is the units digit of n?
1
Let x(w) = w**2. Let k(c) = -11*c**2 - 5*c - 1. Let y(a) = -k(a) - 6*x(a). Suppose -3*u = t + 2, 11*u - 8*u = 5*t + 28. What is the hundreds digit of y(t)?
1
Let c be 6/(-15) - -7*1/5. Suppose -c + 9 = -2*t. What is the units digit of (38/t)/(11/(-66))?
7
Suppose 0 = 2*k - 5*m + 68, -5*m = -97*k + 93*k - 136. Suppose s + 36 + 37 = 0. Let j = k - s. What is the units digit of j?
9
What is the tens digit of (1272/(-5))/(11 - (-999)/(-90))?
4
Let a(u) = 2*u**2 + 6*u + 5. Let o be a(-3). Suppose b + l - 2 = 3*l, -5*l - o = -b. Suppose b = -2*i - 6*i + 72. What is the units digit of i?
9
Let i(u) = -2*u**2 - 6*u + 4. Let b be i(-3). Let d(a) = 4*a**3 + 7*a**2 - 2*a - 4. What is the tens digit of d(b)?
5
Let t(y) = -y**3 - 5*y**2 - 6*y + 3. Suppose 0*a = 3*a. Suppose a = 3*k - k + 4, -4*k = -5*s - 17. What is the units digit of t(s)?
3
Suppose 5*w - 5*n = 5, 0 = w - 4*n + 8. Let q = 607 - 605. Suppose w*z + q*z - 378 = 0. What is the units digit of z?
3
Let g(s) = -s**2 - 10*s + 4. Let t be g(-10). Suppose 0 = -t*o + 6*u - 3*u + 1987, -5*o = -3*u - 2486. What is the hundreds digit of o?
4
Let z(m) = -m + 5. Let h be z(1). Suppose 0 = 4*b - 5*s - 633, h*s = 5*b - 0*s - 780. What is the tens digit of (b/3)/(77/21 - 3)?
7
Let k = 224 + -230. Let b = 9 - k. What is the units digit of b?
5
Let i = 331 - 46. Suppose 0*p = 4*q - p - 1140, -i = -q - 5*p. What is the hundreds digit of q?
2
Let l(z) =